{"id":409,"date":"2018-06-18T16:53:33","date_gmt":"2018-06-18T14:53:33","guid":{"rendered":"http:\/\/epm.stiinte.ulbsibiu.ro\/?page_id=409"},"modified":"2018-06-18T23:47:17","modified_gmt":"2018-06-18T21:47:17","slug":"expertiza-si-managementul-sistemelor-ecologice-studii-de-masterat","status":"publish","type":"page","link":"https:\/\/stiinte.ulbsibiu.ro\/epm\/planuri-de-invatamant\/studii-de-masterat\/expertiza-si-managementul-sistemelor-ecologice-studii-de-masterat\/","title":{"rendered":"Expertiza \u0219i managementul sistemelor ecologice"},"content":{"rendered":"<h3><strong>Studii de masterat;<\/strong><\/h3>\n<h3><strong>Domeniul: \u0218tiin\u021ba Mediului;<\/strong><\/h3>\n<h3><strong>Durata: 2 ani;<\/strong><\/h3>\n<h4>Programul de master\u00a0<strong><em>Expertiza si managementul sistemelor ecologice,\u00a0<\/em><\/strong>continu\u0103 programul de licen\u021b\u0103\u00a0<em>Ecologie \u0219i protectia mediului<\/em>\u00a0\u0219i asigur\u0103 formarea absolven\u021bilor prin studii de lung\u0103 durat\u0103. Acesta din urm\u0103 \u00ee\u0219i propune s\u0103 dezvolte abilit\u0103\u021bile studen\u021bilor de a explora \u0219i de a analiza problemele existente \u0219i emergente \u00een domeniul mediului, urm\u00e2nd o curricul\u0103 care acoper\u0103 principalele aspecte necesare form\u0103rii speciali\u0219tilor \u00een domeniu \u0219i oferind totodat\u0103 oportunit\u0103\u021bi reale de cercetare \u0219i studiu \u00een teren.<\/h4>\n<h4><strong>Oportunit\u0103\u021bi<\/strong><\/h4>\n<h4>Natura ocupa\u021biilor \u0219i profesiilor pe care le pot avea absolven\u021bii programelor de studiu \u00een domeniul \u0218tiin\u021ba mediului de la ULBS sunt diverse: speciali\u0219ti \u00een domeniul mediului \u00een agen\u021bii de protec\u021bia mediului, garda de mediu, firme de consultan\u021b\u0103\/expertiz\u0103 de mediu, administra\u021bia public\u0103, administra\u021bii ale ariilor naturale protejate, organiza\u021bii neguvernamentale, laboratoare de cercetare, sau cadre didactice \u00een \u00eenva\u021b\u0103m\u00e2ntul preuniversitar.<\/h4>\n","protected":false},"excerpt":{"rendered":"<p>Studii de masterat; Domeniul: \u0218tiin\u021ba Mediului; Durata: 2 ani; Programul de master\u00a0Expertiza si managementul sistemelor ecologice,\u00a0continu\u0103 programul de licen\u021b\u0103\u00a0Ecologie \u0219i protectia mediului\u00a0\u0219i asigur\u0103 formarea absolven\u021bilor prin studii de lung\u0103 durat\u0103. Acesta din urm\u0103 \u00ee\u0219i propune s\u0103 dezvolte abilit\u0103\u021bile studen\u021bilor de <a href=\"https:\/\/stiinte.ulbsibiu.ro\/epm\/planuri-de-invatamant\/studii-de-masterat\/expertiza-si-managementul-sistemelor-ecologice-studii-de-masterat\/\" class=\"read-more\">Read More &#8230;<\/a><\/p>\n","protected":false},"author":2,"featured_media":432,"parent":83,"menu_order":0,"comment_status":"closed","ping_status":"closed","template":"","meta":[],"_links":{"self":[{"href":"https:\/\/stiinte.ulbsibiu.ro\/epm\/wp-json\/wp\/v2\/pages\/409"}],"collection":[{"href":"https:\/\/stiinte.ulbsibiu.ro\/epm\/wp-json\/wp\/v2\/pages"}],"about":[{"href":"https:\/\/stiinte.ulbsibiu.ro\/epm\/wp-json\/wp\/v2\/types\/page"}],"author":[{"embeddable":true,"href":"https:\/\/stiinte.ulbsibiu.ro\/epm\/wp-json\/wp\/v2\/users\/2"}],"replies":[{"embeddable":true,"href":"https:\/\/stiinte.ulbsibiu.ro\/epm\/wp-json\/wp\/v2\/comments?post=409"}],"version-history":[{"count":6,"href":"https:\/\/stiinte.ulbsibiu.ro\/epm\/wp-json\/wp\/v2\/pages\/409\/revisions"}],"predecessor-version":[{"id":486,"href":"https:\/\/stiinte.ulbsibiu.ro\/epm\/wp-json\/wp\/v2\/pages\/409\/revisions\/486"}],"up":[{"embeddable":true,"href":"https:\/\/stiinte.ulbsibiu.ro\/epm\/wp-json\/wp\/v2\/pages\/83"}],"wp:featuredmedia":[{"embeddable":true,"href":"https:\/\/stiinte.ulbsibiu.ro\/epm\/wp-json\/wp\/v2\/media\/432"}],"wp:attachment":[{"href":"https:\/\/stiinte.ulbsibiu.ro\/epm\/wp-json\/wp\/v2\/media?parent=409"}],"curies":[{"name":"wp","href":"https:\/\/api.w.org\/{rel}","templated":true}]}}